-- https://www.phpmyadmin.net/
--
-- Hôte : 127.0.0.1
-- Généré le : ven. 31 mars 2023 à 15:29
-- Version du serveur : 10.4.25-MariaDB
-- Version de PHP : 8.1.10

START TRANSACTION;



--
-- Base de données : `rando4ever`
--

-- --------------------------------------------------------

--
-- Structure de la table `affecte`
--

CREATE TABLE `affecte` (
  `id_rando` int(10) NOT NULL,
  `id_opt` int(10) NOT NULL
) ENGINE=InnoDB DEFAULT CHARSET=utf8mb4;

--
-- Déchargement des données de la table `affecte`
--

INSERT INTO `affecte` (`id_rando`, `id_opt`) VALUES
(1, 1),
(1, 3),
(2, 2),
(4, 2),
(4, 3),
(5, 3),
(5, 1),
(6, 3),
(6, 4),
(8, 4),
(9, 2);

-- --------------------------------------------------------

--
-- Structure de la table `niveaux`
--

CREATE TABLE `niveaux` (
  `id_niv` int(10) NOT NULL,
  `nom_niv` varchar(100) NOT NULL,
  `desc_niv` text NOT NULL
) ENGINE=InnoDB DEFAULT CHARSET=utf8mb4;

--
-- Déchargement des données de la table `niveaux`
--

INSERT INTO `niveaux` (`id_niv`, `nom_niv`, `desc_niv`) VALUES
(1, 'Débutant', 'Les randonnées de niveau débutant sont généralement assez courtes et faciles, avec peu de dénivelé et des chemins bien balisés et entretenus. Les randonnées de niveau débutant peuvent être effectuées en quelques heures et ne nécessitent pas beaucoup d\'équipement ou de compétences spéciales. Cependant, il est toujours important de se préparer avant de partir en randonnée, même pour les niveaux débutants.'),
(2, 'Intermédiaire', ' Les randonnées de niveau intermédiaire peuvent être plus longues et plus difficiles, avec des dénivelés plus importants, des chemins moins bien balisés et des terrains plus accidentés. Les randonnées peuvent durer de quelques heures à une journée entière, et peuvent être plus techniques, avec des portions escarpées ou nécessitant des traversées de ruisseaux et de pentes rocheuses.'),
(3, 'Avancé', 'Le niveau difficile en randonnée est destiné aux randonneurs expérimentés et très bien entraînés qui cherchent des défis physiques et techniques supplémentaires. Les randonnées peuvent être extrêmement exigeantes, avec des dénivelés importants, des terrains techniques, et des conditions météorologiques difficiles. Les randonnées de niveau difficile peuvent être plus techniques, avec des passages de montagne ou des descentes raides qui nécessitent une attention constante et une expérience de la randonnée. Les randonneurs de niveau difficile doivent également être capables de naviguer sur des terrains peu balisés ou sans balises.');

-- --------------------------------------------------------

--
-- Structure de la table `options`
--

CREATE TABLE `options` (
  `id_opt` int(10) NOT NULL,
  `nom_opt` varchar(100) NOT NULL,
  `desc_opt` text NOT NULL
) ENGINE=InnoDB DEFAULT CHARSET=utf8mb4;

--
-- Déchargement des données de la table `options`
--

INSERT INTO `options` (`id_opt`, `nom_opt`, `desc_opt`) VALUES
(1, 'Chiens autorisés', 'Les chiens sont autorisée dans les randonnées a condition d\'être attacher.'),
(2, 'Accompagnateur pour les personnes a mobilité réduite.', 'Un accompagnateur peu être mis a votre disposition, pour vous aider lors de la randonnée.'),
(3, 'Balisé', 'Les randonnées balisé, sont notifiés par des traits de peinture sur les arbres ou sur des panneaux.'),
(4, 'Campement', 'Possibilité de camper lors du parcours. A partir de 19h30 jusqu\'à 8h. Le campement et indiqué via des panneaux tente.');

-- --------------------------------------------------------

--
-- Structure de la table `rando`
--

CREATE TABLE `rando` (
  `id_rando` int(10) NOT NULL,
  `nom_rando` varchar(100) NOT NULL,
  `desc_rando` text NOT NULL,
  `lat_depart_rando` varchar(255) NOT NULL,
  `lat_arrivee_rando` varchar(255) NOT NULL,
  `long_depart_rando` varchar(255) NOT NULL,
  `long_arrivee_rando` varchar(255) NOT NULL,
  `id_niv` int(10) NOT NULL,
  `id_zone` int(10) NOT NULL
) ENGINE=InnoDB DEFAULT CHARSET=utf8mb4;

--
-- Déchargement des données de la table `rando`
--

INSERT INTO `rando` (`id_rando`, `nom_rando`, `desc_rando`, `lat_depart_rando`, `lat_arrivee_rando`, `long_depart_rando`, `long_arrivee_rando`, `id_niv`, `id_zone`) VALUES
(1, 'Shöner Ort am See', 'Randonnée très appréciable de part ces vues et ces grand sentiers tracé. Très apprécier pour ses paysages en pleines nature. Egalement pour sa plateforme ou l\'on peu se baigner.', '46.667921', '46.667921', '6.325014', '6.325014', 1, 1),
(2, 'Dent de Valions', 'Randonnée très appréciable de part ces vues et sa qualité de sentier. Il y\'a une agréable vue sur le lac de joux. de nombreux point de pause son situé tout au long du parcours, d\'on une buvette très sympa et cozy.', '46.667921', '46.667921', '6.325014', '6.325014', 2, 1),
(3, 'Le Pont – Lac de Joux – Hochebene am Lac de Joux Circuit à partir de L\'Abbaye\r\n\r\n', 'Parcours très apprécier par les expérimenter, Notamment pour ses atouts comme le lac de Joux, les nombreux animaux sauvage, le point de vue entre le lac de joux et le lac Brenet. Il y\'a également des airs de repos durant la randonnés.', '46.667921', '46.667921', '6.325014', '6.325014', 3, 1),
(4, 'Boucle de saint-Jean-pied-de-port', 'Randonnée courte mes appréciable, de part ses traversés par La citadelle de Saint Jean.', '43.166710', '43.166710', '-1.232696', ' -1.232696', 1, 3),
(5, 'Randonnée de Bizkartzun ', 'Cette randonné de niveau intermédiaire et très attractif notamment grâce a La cascade de l\'Uzkaingo Erreka et Bizkartzun.', '43.346174', '43.346174', '-1.618260', '-1.618260', 2, 3),
(6, 'La Rhune par Ohlette', 'La Rhune par Ohlette est une randonnée de plusieurs heures facilement accessible grâce au parking qui fait office de point de départ. de nombreux lieu attractif son présent tout au long de la randonné comme des runes. ', '43.331147', '43.331147', '-1.659665', '-1.659665', 3, 3),
(7, 'Mont de Cordon – boucle', 'Le Mont de Cordon est un super parcours, avec de super visuel. On est en plein centre de la nature', '45.638714', '45.638714', '5.643142', '5.643142', 2, 2),
(8, 'Pointe de Nantaux (2170m)', 'Randonnée - Expert . Excellente condition physique nécessaire. Sentiers accessibles pour la plupart. Restez vigilant. Point de départ du Tour est à proximité d\'un parking.', '46.194389', '46.194389', '6.696464', '6.696464', 3, 2),
(9, 'Belvédère et aiguille de Chalais – boucle dans le Parc naturel régional de Chartreuse', 'Randonné intermédiaire très agréable avec des superbe paysage aérien sur les villes et les chaines montagneux. ', '45.292949', '45.292949', '5.675272', ' 5.675272', 1, 2);

-- --------------------------------------------------------

--
-- Structure de la table `zone`
--

CREATE TABLE `zone` (
  `id_zone` int(10) NOT NULL,
  `nom_zone` varchar(100) NOT NULL,
  `desc_zone` text NOT NULL
) ENGINE=InnoDB DEFAULT CHARSET=utf8mb4;

--
-- Déchargement des données de la table `zone`
--

INSERT INTO `zone` (`id_zone`, `nom_zone`, `desc_zone`) VALUES
(1, 'Jura', 'Le Jura est un département situé dans l\'est de la France, connu pour ses magnifiques paysages de montagnes, de lacs et de forêts. Les montagnes du Jura offrent des vues panoramiques sur la région environnante, avec des sommets escarpés et des vallées verdoyantes parsemées de cascades et de rivières. Les lacs cristallins offrent des possibilités de baignade et de sports nautiques, tandis que les vastes forêts abritent une riche faune et flore. Les paysages naturels variés du Jura en font une destination de choix pour les amateurs de plein air et les amoureux de la nature.'),
(2, 'Alpes', 'Les Alpes sont une chaîne de montagnes époustouflantes avec des sommets enneigés, des glaciers, des lacs et des rivières offrant de nombreuses opportunités pour les activités de plein air. La faune et la flore y sont riches et diversifiées, en faisant une destination incontournable pour les amoureux de la nature.'),
(3, 'Pyrénées', 'Les Pyrénées sont une chaîne de montagnes majestueuses s\'étendant sur plus de 400 kilomètres à la frontière entre la France et l\'Espagne. Les paysages des Pyrénées sont variés et impressionnants, offrant des sommets enneigés, des vallées verdoyantes, des lacs cristallins, des rivières et des cascades.');

--
-- Index pour les tables déchargées
--

--
-- Index pour la table `niveaux`
--
ALTER TABLE `niveaux`
  ADD PRIMARY KEY (`id_niv`);

--
-- Index pour la table `options`
--
ALTER TABLE `options`
  ADD PRIMARY KEY (`id_opt`);

--
-- Index pour la table `rando`
--
ALTER TABLE `rando`
  ADD PRIMARY KEY (`id_rando`);

--
-- Index pour la table `zone`
--
ALTER TABLE `zone`
  ADD PRIMARY KEY (`id_zone`);

--
-- AUTO_INCREMENT pour les tables déchargées
--

--
-- AUTO_INCREMENT pour la table `niveaux`
--
ALTER TABLE `niveaux`
  MODIFY `id_niv` int(10) NOT NULL AUTO_INCREMENT, AUTO_INCREMENT=4;

--
-- AUTO_INCREMENT pour la table `options`
--
ALTER TABLE `options`
  MODIFY `id_opt` int(10) NOT NULL AUTO_INCREMENT, AUTO_INCREMENT=5;

--
-- AUTO_INCREMENT pour la table `rando`
--
ALTER TABLE `rando`
  MODIFY `id_rando` int(10) NOT NULL AUTO_INCREMENT, AUTO_INCREMENT=10;

--
-- AUTO_INCREMENT pour la table `zone`
--
ALTER TABLE `zone`
  MODIFY `id_zone` int(10) NOT NULL AUTO_INCREMENT, AUTO_INCREMENT=4;
COMMIT;

